What is the greatest common divisor of 13 and 663?
13
What is the greatest common factor of 4446 and 1170?
234
Calculate the greatest common divisor of 304 and 368.
16
What is the highest common divisor of 2225 and 50?
25
Calculate the greatest common divisor of 11 and 35.
1
Calculate the highest common divisor of 17640 and 480.
120
Calculate the highest common divisor of 11 and 1991.
11
What is the greatest common factor of 2291 and 869?
79
What is the highest common divisor of 18 and 2250?
18
Calculate the highest common factor of 126 and 14280.
42
What is the highest common factor of 689 and 53?
53
Calculate the highest common factor of 39 and 767.
13
What is the greatest common divisor of 189 and 1785?
21
Calculate the highest common factor of 8 and 416.
8
What is the greatest common factor of 12 and 24?
12
Calculate the greatest common factor of 3 and 123.
3
Calculate the highest common divisor of 55 and 22.
11
What is the greatest common factor of 21 and 273?
21
What is the greatest common factor of 50 and 90?
10
Calculate the highest common factor of 537 and 11098.
179
What is the greatest common divisor of 223 and 26314?
223
What is the highest common divisor of 466 and 5359?
233
Calculate the highest common factor of 144 and 1548.
36
Calculate the greatest common factor of 17 and 459.
17
Calculate the greatest common factor of 2001 and 15.
3
What is the highest common divisor of 1989 and 117?
117
What is the greatest common factor of 314 and 2041?
157
What is the highest common divisor of 8 and 184?
8
Calculate the greatest common divisor of 235 and 94.
47
What is the greatest common divisor of 464 and 87?
29
What is the highest common divisor of 705 and 282?
141
What is the greatest common factor of 62 and 21793?
31
What is the highest common factor of 620 and 8804?
124
Calculate the highest common divisor of 521 and 3.
1
Calculate the greatest common divisor of 96 and 40.
8
What is the greatest common divisor of 392 and 56?
56
Calculate the highest common factor of 52 and 12.
4
Calculate the greatest common factor of 48 and 640.
16
What is the highest common factor of 1 and 33?
1
Calculate the greatest common factor of 5 and 9070.
5
What is the greatest common factor of 570 and 304?
38
Calculate the highest common divisor of 4654 and 52.
26
Calculate the highest common divisor of 1587 and 23.
23
Calculate the greatest common factor of 1836 and 3264.
204
What is the highest common factor of 26 and 13?
13
Calculate the greatest common factor of 91 and 49.
7
What is the highest common divisor of 280 and 40?
40
What is the highest common factor of 28 and 133?
7
Calculate the greatest common divisor of 1536 and 168.
24
What is the greatest common factor of 1068 and 312?
12
Calculate the highest common factor of 284 and 1207.
71
What is the highest common factor of 204 and 12?
12
Calculate the greatest common factor of 847 and 308.
77
Calculate the highest common divisor of 175 and 35.
35
What is the greatest common divisor of 251 and 2?
1
Calculate the greatest common divisor of 18 and 8037.
9
What is the greatest common divisor of 6 and 4782?
6
What is the greatest common factor of 128 and 128?
128
What is the highest common divisor of 7947 and 9?
9
What is the greatest common divisor of 30176 and 276?
92
Calculate the highest common factor of 1184 and 37.
37
Calculate the greatest common factor of 63 and 252.
63
Calculate the greatest common divisor of 301 and 28.
7
Calculate the highest common divisor of 117 and 1593.
9
What is the greatest common divisor of 2294 and 148?
74
Calculate the greatest common divisor of 368 and 1564.
92
Calculate the greatest common factor of 260 and 680.
20
Calculate the greatest common divisor of 132 and 36.
12
Calculate the highest common divisor of 940 and 20.
20
Calculate the greatest common divisor of 40 and 75.
5
What is the highest common factor of 930 and 90?
30
What is the highest common factor of 8 and 339?
1
Calculate the greatest common divisor of 1815 and 110.
55
Calculate the greatest common factor of 705 and 30.
15
Calculate the greatest common divisor of 147 and 105.
21
Calculate the highest common divisor of 81 and 36.
9
What is the greatest common divisor of 46992 and 12?
12
Calculate the highest common factor of 55 and 2.
1
Calculate the greatest common divisor of 369 and 1353.
123
Calculate the greatest common divisor of 19 and 20.
1
Calculate the greatest common factor of 112 and 728.
56
Calculate the highest common divisor of 2054 and 78.
26
Calculate the greatest common factor of 416 and 160.
32
What is the highest common divisor of 136 and 2516?
68
What is the highest common factor of 1633 and 71?
71
What is the highest common factor of 49 and 371?
7
What is the highest common factor of 9 and 1152?
9
Calculate the greatest common divisor of 243 and 351.
27
Calculate the highest common factor of 5736 and 16.
8
Calculate the highest common divisor of 32 and 72.
8
Calculate the highest common divisor of 57 and 13281.
57
What is the highest common factor of 24548 and 340?
68
Calculate the greatest common factor of 2090 and 110.
110
What is the highest common factor of 202 and 6?
2
Calculate the highest common divisor of 75 and 1.
1
Calculate the greatest common factor of 372 and 6.
6
What is the greatest common divisor of 22924 and 44?
44
Calculate the highest common divisor of 656 and 224.
16
What is the highest common divisor of 6 and 3?
3
Calculate the highest common divisor of 305 and 183.
61
Calculate the highest common factor of 115 and 460.
115
Calculate the highest common factor of 17 and 23817.
17
What is the highest common divisor of 72 and 900?
36
What is the highest common divisor of 7 and 13097?
7
Calculate the highest common divisor of 188 and 10622.
94
What is the greatest common factor of 132 and 71280?
132
What is the greatest common factor of 910 and 7?
7
Calculate the highest common divisor of 1442 and 56.
14
What is the greatest common factor of 3364 and 464?
116
Calculate the highest common factor of 57 and 25156.
19
What is the highest common factor of 3692 and 142?
142
Calculate the highest common divisor of 108 and 189.
27
What is the greatest common factor of 1272 and 408?
24
Calculate the highest common divisor of 40 and 28.
4
Calculate the greatest common factor of 6504 and 24.
24
Calculate the highest common factor of 232 and 11687.
29
Calculate the highest common divisor of 803 and 219.
73
What is the greatest common divisor of 7654 and 129?
43
What is the greatest common factor of 6812 and 52?
52
What is the highest common factor of 38 and 361?
19
Calculate the highest common factor of 126 and 144.
18
Calculate the highest common factor of 60 and 190.
10
What is the greatest common divisor of 16668 and 4?
4
Calculate the highest common factor of 156 and 832.
52
What is the greatest common divisor of 30 and 48810?
30
What is the greatest common factor of 44 and 671?
11
What is the highest common factor of 40 and 8?
8
Calculate the highest common divisor of 301 and 43.
43
Calculate the highest common divisor of 3115 and 315.
35
Calculate the greatest common factor of 24 and 13128.
24
Calculate the greatest common divisor of 130 and 80.
10
What is the highest common divisor of 7238 and 14?
14
Calculate the highest common divisor of 95 and 99845.
95
What is the greatest common divisor of 15 and 240?
15
What is the highest common factor of 252 and 224?
28
Calculate the highest common divisor of 90 and 430.
10
Calculate the highest common divisor of 39 and 793.
13
What is the highest common factor of 9 and 261?
9
What is the highest common factor of 420 and 100?
20
What is the greatest common divisor of 116 and 12?
4
What is the greatest common factor of 15512 and 56?
56
Calculate the highest common divisor of 167 and 6179.
167
What is the highest common divisor of 53 and 1?
1
What is the highest common divisor of 318 and 12?
6
What is the greatest common divisor of 704 and 88?
88
What is the greatest common factor of 1 and 343?
1
What is the greatest common factor of 180 and 9?
9
What is the highest common divisor of 1 and 443?
1
What is the highest common factor of 17 and 1853?
17
Calculate the greatest common divisor of 3577 and 146.
73
What is the great